 the hundred thousands digit of 8237288065?
2
What is the units digit of 60904659?
9
What is the millions digit of 1095469475?
5
What is the hundreds digit of 251703307?
3
What is the units digit of 333468578?
8
What is the millions digit of 199334445?
9
What is the hundreds digit of 239671605?
6
What is the units digit of 121487173?
3
What is the thousands digit of 632036807?
6
What is the hundred millions digit of 103118358?
1
What is the thousands digit of 1459521449?
1
What is the hundred millions digit of 587479689?
5
What is the units digit of 26090105?
5
What is the units digit of 673202525?
5
What is the hundreds digit of 18309478?
4
What is the hundred thousands digit of 491865161?
8
What is the hundred thousands digit of 1480283138?
2
What is the thousands digit of 69525817?
5
What is the tens digit of 735162196?
9
What is the hundred thousands digit of 4176443886?
4
What is the thousands digit of 13791199?
1
What is the hundred millions digit of 584431445?
5
What is the hundred thousands digit of 134215437?
2
What is the thousands digit of 141645559?
5
What is the ten millions digit of 237689110?
3
What is the ten thousands digit of 68895539?
9
What is the thousands digit of 1880070609?
0
What is the hundred thousands digit of 43926043?
9
What is the thousands digit of 280511794?
1
What is the ten millions digit of 21691938?
2
What is the units digit of 3756182939?
9
What is the hundred millions digit of 397020986?
3
What is the hundreds digit of 60792195?
1
What is the thousands digit of 1227204926?
4
What is the thousands digit of 207716178?
6
What is the ten thousands digit of 1149664276?
6
What is the thousands digit of 72072514?
2
What is the ten thousands digit of 2016567046?
6
What is the hundred millions digit of 341609098?
3
What is the ten thousands digit of 40329913?
2
What is the hundred millions digit of 118156210?
1
What is the tens digit of 484990502?
0
What is the hundred thousands digit of 18701075?
7
What is the hundreds digit of 100556097?
0
What is the tens digit of 423393738?
3
What is the ten thousands digit of 765617214?
1
What is the hundreds digit of 5144278992?
9
What is the millions digit of 46135441?
6
What is the hundred millions digit of 279171168?
2
What is the hundred millions digit of 3057084321?
0
What is the hundred thousands digit of 105898010?
8
What is the ten millions digit of 120440527?
2
What is the tens digit of 24384436?
3
What is the thousands digit of 5122206366?
6
What is the units digit of 395337038?
8
What is the thousands digit of 1558036894?
6
What is the millions digit of 200983156?
0
What is the hundred thousands digit of 42902528?
9
What is the ten millions digit of 55882022?
5
What is the ten millions digit of 661280833?
6
What is the hundred thousands digit of 48059147?
0
What is the thousands digit of 3230015?
0
What is the ten millions digit of 5219900122?
1
What is the units digit of 1927920663?
3
What is the millions digit of 6815399?
6
What is the tens digit of 397877464?
6
What is the hundreds digit of 6372441449?
4
What is the millions digit of 178552457?
8
What is the hundred millions digit of 470649479?
4
What is the millions digit of 21538784?
1
What is the units digit of 4336180315?
5
What is the hundred millions digit of 594710119?
5
What is the ten thousands digit of 8670284?
7
What is the millions digit of 614005893?
4
What is the ten millions digit of 36082967?
3
What is the hundreds digit of 333334599?
5
What is the units digit of 67856598?
8
What is the billions digit of 3300695199?
3
What is the thousands digit of 379920039?
0
What is the tens digit of 38984189?
8
What is the thousands digit of 50657822?
7
What is the ten thousands digit of 239510199?
1
What is the hundred thousands digit of 88143803?
1
What is the hundreds digit of 3992956842?
8
What is the millions digit of 2468006337?
8
What is the millions digit of 457336189?
7
What is the ten thousands digit of 1643402788?
0
What is the ten millions digit of 625779437?
2
What is the ten millions digit of 175280825?
7
What is the ten thousands digit of 220976752?
7
What is the tens digit of 40617170?
7
What is the units digit of 639581004?
4
What is the thousands digit of 1226860654?
0
What is the tens digit of 330888056?
5
What is the hundred millions digit of 1127337247?
1
What is the hundred millions digit of 307676634?
3
What is the ten thousands digit of 15602761?
0
What is the hundred millions digit of 184602823?
1
What is the units digit of 36043761?
1
What is the tens digit of 258044235?
3
What is the hundred thousands digit of 514109264?
1
What is the hundreds digit of 133811884?
8
What is the hundred millions digit of 1738139761?
7
What is the hundred thousands digit of 11331501?
3
What is the hundred thousands digit of 1462613020?
6
What is the hundreds digit of 141112744?
7
What is the ten thousands digit of 63143992?
4
What is the tens digit of 1026077825?
2
What is the units digit of 476871385?
5
What is the hundred millions digit of 720037910?
7
What is the thousands digit of 14389596?
9
What is the ten thousands digit of 316540967?
4
What is the hundred thousands digit of 99423837?
4
What is the hundred thousands digit of 1958547946?
5
What is the tens digit of 1137179392?
9
What is the units digit of 5094623?
3
What is the hundreds digit of 82056935?
9
What is the units digit of 186638511?
1
What is the thousands digit of 291775319?
5
What is the tens digit of 109072086?
8
What is the millions digit of 234812974?
4
What is the ten millions digit of 1199672210?
9
What is the ten millions digit of 70952794?
7
What is the billions digit of 1125596951?
1
What is the ten thousands digit of 653469031?
6
What is the millions digit of 581823876?
1
What is the ten thousands digit of 3263433866?
3
What is the millions digit of 115429991?
5
What is the tens digit of 151069247?
4
What is the millions digit of 18348827?
8
What is the thousands digit of 642353408?
3
What is the hundred thousands digit of 3985088451?
0
What is the ten millions digit of 97931910?
9
What is the millions digit of 137321207?
7
What is the hundreds digit of 542818325?
3
What is the hundred millions digit of 466382850?
4
What is the billions digit of 2561485354?
2
What is the ten thousands digit of 2188511025?
1
What is the hundred thousands digit of 6401538?
4
What is the thousands digit of 33421125?
1
What is the thousands digit of 15666382?
6
What is the thousands digit of 57935650?
5
What is the thousands digit of 411833966?
3
What is the ten thousands digit of 73358598?
5
What is the hundred thousands digit of 84705972?
7
What is the thousands digit of 411287211?
7
What is the millions digit of 50552375?
0
What is the thousands digit of 49983539?
3
What is the billions digit of 2033180859?
2
What is the tens digit of 116116841?
4
What is the ten millions digit of 1991534432?
9
What is the ten thousands digit of 1150280025?
8
What is the millions digit of 8640796495?
0
What is the tens digit of 183430382?
8
What is the units digit of 80140981?
1
What is the units digit of 725060669?
9
What is the units digit of 141830020?
0
What is the hundreds digit of 1054659965?
9
What is the millions digit of 193002400?
3
What is the billions digit of 1251617986?
1
What is the hundred thousands digit of 876121255?
1
What is the tens digit of 104710251?
5
What is the hundred thousands digit of 1749069?
7
What is the ten thousands digit of 241537518?
3
What is the millions digit of 35459347?
5
What is the ten millions digit of 20295874?
2
What is the thousands digit of 7471249325?
9
What is the ten millions digit of 1819858468?
1
What is the hundred thousands digit of 73848686?
8
What is the ten millions digit of 31134916?
3
What is the thousands digit of 4774893871?
3
What is the hundreds digit of 22099949?
9
What is the ten thousands digit of 33353814?
5
What is the millions digit of 19016028?
9
What is the ten thousands digit of 376997416?
9
What is the units digit of 517303512?
2
What is the hundred thousands digit of 128926310?
9
What is the units digit of 50869614?
4
What is the hundreds digit of 10840073?
0
What is the hundred thousands digit of 875826525?
8
What is the ten millions digit of 6438781832?
3
What is the ten thous